e prime factors of 279.
3, 31
List the prime factors of 1615.
5, 17, 19
List the prime factors of 8066.
2, 37, 109
What are the prime factors of 16765?
5, 7, 479
What are the prime factors of 994?
2, 7, 71
What are the prime factors of 3040?
2, 5, 19
What are the prime factors of 70002?
2, 3, 3889
List the prime factors of 35561.
43, 827
What are the prime factors of 596?
2, 149
List the prime factors of 16078.
2, 8039
What are the prime factors of 5169?
3, 1723
List the prime factors of 7272.
2, 3, 101
List the prime factors of 57089.
57089
What are the prime factors of 36198?
2, 3, 2011
What are the prime factors of 4043?
13, 311
What are the prime factors of 2941?
17, 173
List the prime factors of 80395.
5, 7, 2297
List the prime factors of 19812.
2, 3, 13, 127
List the prime factors of 84039.
3, 109, 257
What are the prime factors of 78364?
2, 11, 13, 137
List the prime factors of 15076.
2, 3769
List the prime factors of 14077.
7, 2011
List the prime factors of 40781.
13, 3137
List the prime factors of 5129.
23, 223
List the prime factors of 69142.
2, 181, 191
List the prime factors of 309.
3, 103
List the prime factors of 9300.
2, 3, 5, 31
List the prime factors of 56985.
3, 5, 29, 131
What are the prime factors of 181318?
2, 90659
List the prime factors of 993.
3, 331
List the prime factors of 152839.
152839
What are the prime factors of 98?
2, 7
List the prime factors of 4547.
4547
What are the prime factors of 44133?
3, 47, 313
List the prime factors of 2257.
37, 61
What are the prime factors of 90218?
2, 79, 571
List the prime factors of 625.
5
What are the prime factors of 6341?
17, 373
List the prime factors of 1272.
2, 3, 53
What are the prime factors of 22181?
41, 541
What are the prime factors of 718?
2, 359
What are the prime factors of 2573?
31, 83
What are the prime factors of 3653?
13, 281
What are the prime factors of 1209?
3, 13, 31
What are the prime factors of 74567?
74567
What are the prime factors of 28253?
19, 1487
List the prime factors of 296.
2, 37
What are the prime factors of 35659?
13, 211
List the prime factors of 45442.
2, 22721
What are the prime factors of 37658?
2, 19, 991
List the prime factors of 15799.
7, 37, 61
List the prime factors of 641.
641
List the prime factors of 64556.
2, 16139
What are the prime factors of 6047?
6047
List the prime factors of 50127.
3, 7, 11, 31
List the prime factors of 12942.
2, 3, 719
List the prime factors of 3417.
3, 17, 67
List the prime factors of 8233.
8233
List the prime factors of 3452.
2, 863
List the prime factors of 213.
3, 71
List the prime factors of 2925.
3, 5, 13
What are the prime factors of 9965?
5, 1993
List the prime factors of 34060.
2, 5, 13, 131
What are the prime factors of 103294?
2, 51647
What are the prime factors of 9085?
5, 23, 79
What are the prime factors of 2691?
3, 13, 23
List the prime factors of 718.
2, 359
What are the prime factors of 264?
2, 3, 11
List the prime factors of 28898.
2, 14449
List the prime factors of 517.
11, 47
List the prime factors of 9382.
2, 4691
List the prime factors of 1384.
2, 173
What are the prime factors of 555?
3, 5, 37
What are the prime factors of 10351?
11, 941
List the prime factors of 1503.
3, 167
List the prime factors of 7439.
43, 173
List the prime factors of 1096.
2, 137
List the prime factors of 7713.
3, 857
What are the prime factors of 22087?
13, 1699
What are the prime factors of 24?
2, 3
List the prime factors of 38389.
13, 2953
List the prime factors of 743.
743
What are the prime factors of 62770?
2, 5, 6277
List the prime factors of 21397.
21397
List the prime factors of 86524.
2, 97, 223
List the prime factors of 10884.
2, 3, 907
List the prime factors of 23.
23
What are the prime factors of 9123?
3, 3041
List the prime factors of 260.
2, 5, 13
List the prime factors of 160.
2, 5
List the prime factors of 2352.
2, 3, 7
What are the prime factors of 97940?
2, 5, 59, 83
What are the prime factors of 6392?
2, 17, 47
List the prime factors of 224.
2, 7
List the prime factors of 1561.
7, 223
What are the prime factors of 545?
5, 109
What are the prime factors of 6100?
2, 5, 61
What are the prime factors of 26373?
3, 59, 149
What are the prime factors of 93792?
2, 3, 977
What are the prime factors of 1181?
1181
List the prime factors of 60056.
2, 7507
What are the prime factors of 302?
2, 151
What are the prime factors of 188?
2, 47
List the prime factors of 918.
2, 3, 17
What are the prime factors of 58049?
58049
What are the prime factors of 11154?
2, 3, 11, 13
What are the prime factors of 15737?
15737
What are the prime factors of 15202?
2, 11, 691
What are the prime factors of 29867?
29867
What are the prime factors of 5738?
2, 19, 151
List the prime factors of 60647.
60647
List the prime factors of 4452.
2, 3, 7, 53
List the prime factors of 1096.
2, 137
List the prime factors of 1231.
1231
List the prime factors of 1190.
2, 5, 7, 17
List the prime factors of 15235.
5, 11, 277
What are the prime factors of 9939?
3, 3313
List the prime factors of 7605.
3, 5, 13
What are the prime factors of 3690?
2, 3, 5, 41
What are the prime factors of 1574?
2, 787
What are the prime factors of 81482?
2, 131, 311
List the prime factors of 47164.
2, 13, 907
What are the prime factors of 16904?
2, 2113
What are the prime factors of 7239?
3, 19, 127
List the prime factors of 1176.
2, 3, 7
What are the prime factors of 6941?
11, 631
What are the prime factors of 45858?
2, 3, 7643
What are the prime factors of 20332?
2, 13, 17, 23
What are the prime factors of 24512?
2, 383
What are the prime factors of 2679?
3, 19, 47
What are the prime factors of 442?
2, 13, 17
List the prime factors of 1034.
2, 11, 47
What are the prime factors of 1037?
17, 61
List the prime factors of 46819.
46819
List the prime factors of 24668.
2, 7, 881
What are the prime factors of 48291?
3, 16097
What are the prime factors of 13368?
2, 3, 557
What are the prime factors of 1508?
2, 13, 29
List the prime factors of 25854.
2, 3, 31, 139
What are the prime factors of 4941?
3, 61
What are the prime factors of 14616?
2, 3, 7, 29
List the prime factors of 8807.
8807
What are the prime factors of 1478?
2, 739
What are the prime factors of 879?
3, 293
What are the prime factors of 7987?
7, 163
List the prime factors of 8965.
5, 11, 163
List the prime factors of 1495.
5, 13, 23
List the prime factors of 219.
3, 73
List the prime factors of 13469.
13469
What are the prime factors of 9027?
3, 17, 59
List the prime factors of 28001.
28001
What are the prime factors of 17527?
17, 1031
List the prime factors of 13866.
2, 3, 2311
List the prime factors of 5091.
3, 1697
What are the prime factors of 2379?
3, 13, 61
List the prime factors of 19855.
5, 11, 19
What are the prime factors of 1386?
2, 3, 7, 11
What are the prime factors of 3354?
2, 3, 13, 43
What are the prime factors of 1811?
1811
List the prime factors of 1707.
3, 569
What are the prime factors of 26194?
2, 7, 1871
What are the prime factors of 139300?
2, 5, 7, 199
What are the prime factors of 23617?
11, 19, 113
What are the prime factors of 9400?
2, 5, 47
List the prime factors of 9154.
2, 23, 199
What are the prime factors of 744?
2, 3, 31
List the prime factors of 41747.
109, 383
What are the prime factors of 104?
2, 13
List the prime factors of 13651.
11, 17, 73
List the prime factors of 11842.
2, 31, 191
What are the prime factors of 3095?
5, 619
List the prime factors of 1761.
3, 587
List the prime factors of 3672.
2, 3, 17
List the prime factors of 3140.
2, 5, 157
What are the prime factors of 26824?
2, 7, 479
What are the prime factors of 71020?
2, 5, 53, 67
What are the prime factors of 725?
5, 29
List the prime factors of 5509.
7, 787
List the prime factors of 10432.
2, 163
What are the prime factors of 7839?
3, 13, 67
What are the prime factors of 10072?
2, 1259
List the prime factors of 37205.
5, 7, 1063
What are the prime factors of 76207?
76207
What are the prime factors of 3294?
2, 3, 61
List the prime factors of 40802.
2, 23, 887
List the prime factors of 1165.
5, 233
What are the prime factors of 521?
521
What are the prime factors of 16350?
2, 3, 5, 109
List the prime factors of 153658.
2, 76829
What are the prime factors of 845?
5, 13
List the prime factors of 78373.
18